 + -37
-34
Calculate -3 + -2 - (-11 + 12) - (-48 + 1).
41
Calculate -2 + -40 - (-2106 + 2206).
-142
Evaluate 1 - (20 + -18 + (-2 - -6)) - (-2 + 55).
-58
What is the value of 12 - 16 - (49 - 1 - 1) - (-370 + 357)?
-38
Calculate -101 + 79 - (5 - (0 + 0 - (-7 + 3))).
-23
(-12 - (-14 + -25 + 4)) + 9 + -1
31
What is (0 - 136) + (9 - (-15 + (9 - -17) - -3))?
-141
-43 - (-69 - 41 - -112)
-45
What is (9 - ((-14 - (-8 - -19 - 38)) + 3)) + -58?
-65
Calculate 26 - (82 - 57) - (103 + 6).
-108
What is (2 - -7) + -164 + 75 + (-31 - -12)?
-99
What is the value of ((-52 - -5) + -2 - 2) + (27 - (-55 - -70))?
-39
Evaluate 64 - (-12 - (36 + -78)).
34
Evaluate (188 - (107 - 54)) + -28.
107
Evaluate -31 - (-24 - 12) - (44 - -5 - -3).
-47
What is (301 - (-7 + 94)) + -111?
103
47 - ((8 - 23 - -29) + 4)
29
What is the value of (-52 - -15) + 45 + -34?
-26
-13 - (-16 - (-6 - -5) - (5 - 11))
-4
-29 - ((-65 - -53) + 13)
-30
Calculate -6 - (39 + -7 + 14).
-52
What is (-13 - (1 + 4)) + 3 + 0 + -13?
-28
126 + -21 + -19 - (-3 - -6 - 0 - -8)
75
-129 + (15 - (-4 + 0 - 10))
-100
Calculate -7 - (-21 + 15 - 15) - -17 - 8.
23
Calculate (-27 - -19) + 70 - 60.
2
What is 21 + -1 + (-188 - (161 + -320)) + 5 + 0?
-4
What is -1775 - -1753 - (1 - (6 + -3 + -3))?
-23
What is 5 + 51 + 15 + -94?
-23
Calculate -13 - (-33 + -7 + 47 + (1 - 1)).
-20
(-1 - -11) + -2 + (-3 - 10) - -67
62
Calculate (6 - -3 - -3) + -22 - -39.
29
Evaluate -29 - (9 + (-3 - 16 - -34)).
-53
What is the value of -11 - ((-74 - 0) + -2)?
65
Calculate (4 - (3 - -20)) + 1 + -25.
-43
-1 + -42 - (-901 + 793)
65
What is -4 + (3 - 5) + -25 + 0 + 11 + 28?
8
Calculate -32 + -64 + (24 - -2 - -10).
-60
Calculate 6 + (4 - -53) + 15 + 3 + -5.
76
Calculate -1 + (17 - ((-21 - -3) + -6)).
40
What is the value of 11 - 1 - ((189 - 188 - (-61 + 0)) + 3)?
-55
Calculate -4 + 10 + -3 + (-18 - (66 + -3 - 31)).
-47
What is 0 + 10 + (23 - 12) - 12?
9
What is the value of 21 + (4 - 35 - (-35 + 41))?
-16
Evaluate (18 - -1) + (-93 + 114 - 58).
-18
What is -2 + 15 - (-26 + -29 - -39)?
29
1 + 9 + (-8 - (33 + -79)) + 23
71
Evaluate -21 + 95 + 464 + -615.
-77
Evaluate -24 + 93 + (-97 - -20).
-8
What is -36 + 50 - -12 - (-7 + -13)?
46
What is the value of (-151 - -173) + -8 + 4 + 2 + 11?
31
Evaluate (4630 - 4619) + (-2 - -4 - 91) + -17.
-95
Calculate -6 + (-4 - (2 - -3 - -5 - 10 - -57)).
-67
-108 - -145 - (-2 + (-2 - (-10 + -5)) - 1)
27
What is the value of -74 - (-6 + -1 - (1 + -3) - (44 - 55))?
-80
What is 122 + (3 - -1) + (27 + 17 - 17) + -27?
126
Calculate (-22 - -11 - (-18 - 3) - (0 - 35)) + -7.
38
Evaluate 8 + (-15 + 7 + 0 - (-9 + -3 - -2)).
10
Calculate -26 + (8 - 4) - (13 - -55 - 84).
-6
What is the value of -2 + -1 + (-10 - -25) + (8 - (33 - 2))?
-11
What is the value of 23 - (5 + -1 + 11 + (-12 - -5 - 1))?
16
What is the value of -4 + 50 + (-18 - -12) + -9?
31
What is the value of (0 - 6 - (-7 + -42 + -11)) + 2?
56
What is the value of (-94 - (53 + -68)) + 89?
10
1 + 2 + (-38 - -16 - -41)
22
-21 + (-4 - -11) - (44 - 27)
-31
(0 - -37) + -62 + 18 + 47 - 19
21
6 + -8 + -10 - -72 - -3 - 4
59
Calculate (20 + -4 - 7) + 10 + -2.
17
What is (48 - -1) + (-12 - (-36 + 31))?
42
What is 17 - (-4 - (0 - (7 + 21)))?
-7
Evaluate (-43 - -1) + -2179 + 2243.
22
What is the value of -1 + 4 + -8 + 65 + -238 + 237?
59
((-32 - -15) + 16 - -12) + (21 - -1)
33
What is 98 - ((35 - 38) + 3 + 2)?
96
((-131 - -58) + -19 - (-1 + -2)) + 19
-70
28 + 0 + -4 + (-63 - -55)
16
(2336 + -2341 - (1 + -1 - -91)) + -14
-110
Evaluate (-4 + -1 - (8 - (29 + (-14 - 11)))) + -41.
-50
What is the value of 50 + -70 + 26 - (-1 - 7)?
14
What is the value of -8 + (50 - (25 + -28))?
45
What is the value of -1 + -3 + (4 - (-11 + (-19 - -5)))?
25
(-27 - -113) + -24 + -64
-2
What is the value of (38 - 5 - (10 - -37)) + (110 - 2)?
94
Calculate -91 + 0 + (12925 - 12941).
-107
Calculate (6 + -15 - -17 - 26 - -15) + -34.
-37
Calculate 28 - (14 - -38) - -49.
25
Calculate -4 + 11 + (-8 + 2 + 2 - -10) + 27.
40
(105 + -104 - (0 - -7)) + 9
3
Evaluate (51 + -93 - -23) + -67.
-86
Evaluate 5 + -33 + 21 + 18 + 6 + 0.
17
Calculate (-27 + 19 - 34) + 80.
38
What is the value of -198 + 169 + (-1 - 3) - (0 - -1)?
-34
What is the value of -151 + 49 + 90 - (0 + -1 + (54 - -1))?
-66
Evaluate 257 + -263 - (3 - (-5 - 8)).
-22
Evaluate -6 + (-39 + 80 - 66 - (-9 + 2)).
-24
Calculate (-1 - 22) + (-72 + 22 - -21).
-52
What is 16 - -1 - (98 + -11)?
-70
Evaluate 5 + -5 + -28 + 12 - 0.
-16
What is the value of (-14 - (53 - 46)) + 43?
22
What is the value of -4 + (-13 - (-10 - -8) - -7 - 32)?
-40
Evaluate 72 + 0 - (-4 - 1 - (37 + (7 - 57))).
64
(16 - 3 - 13 - -18) + 19 + -18
19
What is the value of -24 + (30 - 17) - -1 - 5?
-15
What is the value of 0 - (-3 - (-15 - -5)) - (-21 + 35 + -9)?
-12
Calculate -5 + 4 - (4 + -31 + -2 + -3 + 11).
20
Calculate 114 - 54 - (30 + -8).
38
What is 1 - ((-6 - -10) + 44) - (-15 - (-28 + 10))?
-50
What is the value of -5 + 5 - 21 - -12 - -13 - (-1 - 32)?
37
What is 7 + -1 - (-7 + (-8 - (56 - 14)))?
63
Evaluate -8 - -34 - (4 + 2).
20
Evaluate -2 + -2 + (1006 - 975).
27
Evaluate 2 + 4 + -4 + -22 + -4 - (165 - 162).
-27
Evaluate 36 + 111 + (-11 - 29).
107
(3 - (-1 + 18)) + 27 - (23 - 6)
-4
What is -1 - -6 - (1 - -93 - 60)?
-29
-1270 + 1156 - (-4 + -19)
-91
Calculate 54 - (89 + -162) - (14 - 1).
114
Calculate (4 - -19 - 82) + (15 + -7 - 27).
-78
What is the value of 1 + (3 + -7 - 4)?
-7
Evaluate 11 + (-14 + (-8 - 27) - (1 - -2)).
-41
What is the value of -6138 + 6149 - (1 - -24)?
-14
(-6 - (-2 + 1)) + 180 + -182 + 7 + -29
-29
9 + 31 + (9 - (-1 + (8 - 4 - 5)))
51
What is the value of -2 + (-1 - 45) + (-1 - (7 - (-1 + 1)))?
-56
Evaluate -4 + 7 + (18 - (-2 - -16 - 1)).
8
What is (-49 - 1) + 1224 + -1220?
-46
Calculate -198 + 207 + ((4 + -6 - -6) + 0 - -95).
108
What is 0 + (-8 - -4) + 49 + (13 + -44 - -38)?
52
Calculate (86 - (1 - -89)) + (-4 + 2 - -9 - 2).
1
Calculate (0 - (-8 + (2 - -14) + -18)) + 11.
21
3 + (-1 - 1) + (-4 + 5 + -7 - 20)
-25
What is (1 - 20) + 96 + -89 - (2 - 14)?
0
Calculate (-10 - (-13 + 10 + (11 - (23 - 7)))) + 36.
34
5097 - 5104 - (5 - 4 - 10)
2
10 + (-6 - (-35 - -51))
-12
What is the value of -5 + 44 + -45 + 34?
28
What is 14 - ((19 - (-12 - -8)) + -44)?
35
What is the value of 2 + 89 - (34 + -11 + -9 + -29)?
106
Calculate -95 + 162 + -65 + -89.
-87
1 - (-75 + (71 - 63) + 4 + (4 - 3))
63
What is -8 + 16 + -6 - (1 + -34 - 3)?
38
What is 9 + (-12 - -10) + -7 + (2 - 42)?
-40
10 + (13 - (20 - (45 - 17)))
31
What is 31 + 19 + 1 + (7 - 15 - 6)?
37
What is -118 + (-5 - -14) + -9 + 8?
-110
What is (51 - 3) + 3 - (-1094 - -1058)?
87
What is -8 - (-24 - (2 - (66 - 17)))?
-31
Evaluate (-8 - -8) + -8 + (7 - 10 - (48 + -3)).
-56
What is the value of 3446 - 3440 - (0 + -65)?
71
What is the value of (-22 - (-72 + 62)) + -13?
-25
What is 3 + -1 - (-58 + 210 + -129)?
-21
2 - 15 - (47 + -81 + 9)
12
Calculate 76 - (20 - -28 - (38 + -7)).
59
(-1 - 1 - (22 + -9)) + (182 - 251)
-84
-23 - (-2 + -62 + 16 + -16)
41
Evaluate -77 - -135 - (103 - -11).
-56
Evaluate -1 + -32 - (213 + 15 - 206).
-55
Calculate -120 + (1 - -65) + -10.
-64
Calculate 11 + -2 + (0 - (-2 - -24)) + 12 + 78.
77
Evaluate -6 - ((1 - 8) + 6) - (12 - (29 + -54)).
-42
What is the value of 12 + 3 + (-6 - -7) + -12 - (1 - 41)?
44
Evaluate 890 + -817 - (67 + -3).
9
What is the value of 381 + -311 + (-1 - 57)?
12
What is the value of -26 + (-11 - -25) + -11 + -5?
-28
(-68 - (45 + -150)) + 4
41
-21 + -35 - -55 - -72
71
-154 - ((102 - 247) + 82)
-91
57 + (105 - (50 - -68))
44
Calculate -46 - (-29 - 6) - (0 + -13) - -4.
6
What is (3 - 1) + 26 + (15 - 39 - -1)?
5
(-6 - (-20 + 38 + -49)) + (-13 - 125)
-113
Calculate -47 - (-109 - -225 - 75).
-88
What is (-65 + -2 - -8) + -12 - (15 - 20)?
-66
-729 + 616 + -5 + 3 + 50
-65
What is -96 - (-2 + -31) - -52?
-11
23 + 13 + -59 + 78
55
Evaluate -26 + 17 + 38 + -14 - 59.
-44
Evaluate 1 + -2 - (5 + (-2 - -17) - (28 + 79)).
86
Evaluate -20 + (-50 - (-14 - 88)).
32
103 + -19 - -67 - 93
58
Evaluate (-121 - (23 - 94) - (2 + 0 + -11)) + 6.
-35
(2 + -1 - 3) + (1 - 22 - (-275 - -389))
-137
(-26 - (-1 + -3)) + (-27 - -8)
-41
What is the value of 23 - ((57 - (127 + -71)) + (0 - 0))?
22
What is the value of 37 + -38 - (1 + -9 - (-1 + 0)) - -79?
85
Calculate -16 - -21 - 111 - -45 - 4.
-65
What is the value of -43